 of j and r?
13
Suppose 4*l - 10 = 6*l. Let q be (l/(25/(-84)))/((-34)/(-170)). Calculate the greatest common divisor of 21 and q.
21
Let d be (-2)/(-6) + (-23)/((-1380)/53560). Calculate the greatest common factor of d and 141.
47
Suppose 142*d - 158*d = -288. Let i(x) = x**3 - 2*x**2 - 4*x + 6. Let q be i(6). Calculate the greatest common divisor of q and d.
18
Let z be (-170)/(-20)*(0 + -4). Let h be 1*z*(1 - 3/2). Calculate the greatest common divisor of 119 and h.
17
Suppose -2*y - 8*f + 4*f - 12 = 0, -2*f - 6 = 3*y. Suppose -119 = -u - 3*m + 255, y = 2*u - 4*m - 748. What is the greatest common factor of u and 34?
34
Suppose 16 = -a - 3*a. Let m be 248/12 - a/(-6). Let r be (18/4 + 0)*(-1860)/(-279). What is the greatest common divisor of m and r?
10
Let x(g) = -60*g - 5 + 3 + g**2 + 2*g**2 + g**3 + 56*g. Suppose 3*a = a - 6. Let k be x(a). What is the highest common factor of k and 2?
2
Let d be ((-240)/(-160))/((-2)/(-28)). Calculate the highest common divisor of d and 287.
7
Let s = 75 - 42. Suppose 0 = x - 5*t + 14, -2*x + 18 = 3*t - 19. What is the greatest common factor of s and x?
11
Suppose -20*m + 24*m - 72 = -2*s, 4*s + 3*m - 159 = 0. Suppose 0 = 6*x - x - 70. What is the highest common factor of s and x?
14
Let l(w) = 2*w**3 - 5*w**2 - 4*w - 5. Let f be l(5). Let p be (-7)/2 + 15/10. Let s be (2 + 14)/(p/(-5)). Calculate the greatest common factor of f and s.
20
Let f(j) = -j**3 + 7*j**2 - 4*j + 7. Let a be f(6). Let y = 13 - 29. Let d = a + y. What is the greatest common factor of d and 12?
3
Let i be (0 - -116)*(-132)/(-48). Calculate the highest common factor of 29 and i.
29
Let p(c) be the third derivative of c**6/120 - 3*c**5/20 + 13*c**4/24 - 7*c**3/2 + 14*c**2. Let n be p(9). Calculate the highest common factor of 24 and n.
24
Let x = 170 - 155. Let o be (5/2)/(3/990). Suppose l - 6*l + o = 0. What is the greatest common factor of x and l?
15
Let g(c) = 3*c - 51. Let z be g(23). Calculate the greatest common divisor of 24 and z.
6
Let g be (-63)/(-9)*(-6)/(-14). Let j(d) = -2 + 4*d - 18*d - g*d**2 + 10*d + 9 + d**3. Let x be j(5). Calculate the highest common factor of x and 148.
37
Suppose -5*r = -5*x + 3*x - 11, 3*r - 29 = -2*x. Suppose 3*g = 4*p - 141, -3*p + x*p = g + 135. What is the greatest common divisor of 11 and p?
11
Let f be ((-21)/(-2))/((-3)/(-4)). Suppose -6*r + f + 10 = 0. Calculate the greatest common divisor of 4 and r.
4
Suppose 0*j + 316 = 4*j. Suppose 11 - j = -2*b. Let y be 3*(b/6 + 3). What is the greatest common divisor of 26 and y?
26
Suppose 6129 = 86*v - 3159. Calculate the highest common divisor of v and 24.
12
Let c(s) = 5*s + 104. Let x be c(-7). What is the highest common divisor of x and 92?
23
Let w(g) = g**3 + 5*g**2 - 9*g + 2. Let v be w(-6). Suppose 0 = 2*i + 2*i - 4*u - 132, 0 = -3*i - 3*u + 81. Calculate the highest common divisor of v and i.
10
Let x be (-3 - -4) + -1 + 25. Calculate the greatest common factor of 75 and x.
25
Let s = 189 - 69. Let m = -115 + s. Calculate the highest common divisor of 20 and m.
5
Suppose 3*d = -2*q + 66, 4*q - 132 = -4*d - d. Suppose 2 = -5*c - 3. Let m(t) = 2*t**2 - 2*t - 1. Let v be m(c). What is the highest common factor of v and q?
3
Suppose -a + 5*p - 23 + 69 = 0, 216 = 4*a - 4*p. Let l = a - 18. What is the greatest common divisor of 19 and l?
19
Suppose -2*i = -2, -c - 4*i - 11 = -4*c. Let m be (-6)/15 - (-77)/c. What is the highest common divisor of m and 15?
15
Suppose -4*h + 3*a = -63, 19 + 61 = 5*h - 5*a. Calculate the greatest common divisor of h and 25.
5
Let l(z) = -z + 16. Let w be l(0). Let a(u) = 19*u - 21. Let k be a(7). Calculate the highest common factor of k and w.
16
Let s be -5 + 2 + -1 + 3. Let m(d) = -12*d**3 - d**2 - 3*d - 2. Let o be m(s). Calculate the greatest common factor of 12 and o.
12
Let i be 5 - 49/(-21)*21. What is the greatest common factor of i and 162?
54
Let j be -17 - -17 - 16*-1. What is the greatest common factor of 344 and j?
8
Let t(j) = -4 + 3 - 10*j - 5. Let c be (-3)/((2 + (-18)/8)*-4). Let p be t(c). Calculate the highest common factor of 16 and p.
8
Let b be (-1 - 1)/(2/15). Let o = 27 + b. Suppose -l - 3*l + 43 = f, 0 = 5*l + 5*f - 35. What is the highest common divisor of l and o?
12
Let g = 3 + 1. Let w(f) = -f**2 + 8*f + 312. Let x be w(22). Calculate the greatest common factor of g and x.
4
Let z be (-802)/14 + (-54)/(-189). Let r = z - -93. Calculate the highest common factor of 12 and r.
12
Let g be (336/364)/(2/13). What is the greatest common factor of g and 122?
2
Let o = -59 - -65. Suppose 5*q + 4*t = 18, 9 = 4*q - 2*t - 21. Calculate the greatest common factor of o and q.
6
Suppose -3*o - 18 = -n - 5*o, 2*n + o - 33 = 0. Calculate the highest common divisor of n and 2.
2
Let a be -2*(-1)/2 - -74. Suppose h - 40 = 4*h + 2*x, h = 3*x - 6. Let p be 10 + (-20)/(h/3). Calculate the highest common divisor of p and a.
15
Suppose 0 = z - 3*z + 228. Suppose 3*i - z = 210. Calculate the greatest common factor of 72 and i.
36
Let f(j) = -j**2 + 8*j - 8. Let p be ((-7)/(-14))/((-2)/(-24)). Let d be f(p). Let u be (-2)/d*2 - -10. Calculate the highest common divisor of u and 45.
9
Suppose 27 = z - 10. Let q = 48 - z. Calculate the greatest common factor of 121 and q.
11
Suppose 22*u = 380 + 940. Calculate the greatest common factor of u and 48.
12
Suppose -16 = -2*n + 3*k - k, -2*n + 4*k = -8. Suppose -2*w - 2*w + 240 = 0. What is the greatest common divisor of n and w?
12
Let v(b) = 11*b**3 + b**2 - b - 1. Suppose 2*k - k + 1 = 0. Let p be v(k). Let s = 21 + p. What is the highest common divisor of 66 and s?
11
Let f be (2 - (12 + -2))*-1. Suppose -5*q = -33 + f. Suppose 0 = q*m + 5, 0*a + 22 = a - 5*m. Calculate the greatest common factor of 153 and a.
17
Suppose -5*y = -4*y + 2*k - 79, 2*k = -8. Let m be (y - -1) + -14 + 14. Calculate the greatest common factor of m and 11.
11
Suppose 0 = 4*f - 7*g + 8*g - 40, -59 = -5*f + g. What is the highest common factor of 99 and f?
11
Let g(n) = -4*n - 8. Let f be g(-4). Suppose 1 = f*s - 7*s. What is the greatest common factor of 1 and s?
1
Let k = -30 + 53. Suppose 12*p = k*p - 660. What is the highest common factor of 48 and p?
12
Let b be 1 - 7 - (-74 - -8). What is the highest common factor of 540 and b?
60
Suppose -6*c + 165 = 5*d - c, 2*d - 87 = 5*c. Calculate the greatest common factor of 492 and d.
12
Let w = 68 + 30. Suppose 669 = 9*p + 624. Suppose -24 - 94 = -4*o + p*y, w = 3*o + y. What is the greatest common divisor of o and 48?
16
Let n = -349 - -375. Calculate the highest common factor of 1378 and n.
26
Suppose -4*o + 16 + 0 = 0. Suppose 7*k = o*k + 9. Suppose 5*d - k*t - 721 = 0, -5*t + 0*t + 276 = 2*d. What is the greatest common factor of d and 13?
13
Let j(y) = -y**3 - 3*y**2 + 3*y - 16. Let n be j(-11). Let l = 1297 - n. Calculate the highest common divisor of l and 42.
42
Let s(r) = -r**2 - 86*r + 78. Let k be s(0). Calculate the highest common factor of k and 208.
26
Suppose 0 = 2*h - 2*b - 3*b + 23, 5*h = 4*b - 15. Calculate the highest common factor of 53 and h.
1
Let w be (-4)/(-6) - 8924/(-6). Calculate the highest common factor of 48 and w.
48
Let y(s) = -9*s + 45. Let u(o) = -8*o + 43. Let j(k) = 6*u(k) - 5*y(k). Let v be j(3). Let f be (2/3)/(1/324). What is the highest common factor of f and v?
24
Suppose -2*p = 5*v - 1145, -3*p = 3*v - 796 + 118. Calculate the highest common factor of v and 168.
21
Suppose -16*l + 1017 = -9447. Calculate the highest common factor of l and 6.
6
Suppose -h + 2*g = 2*h - 27, 2*h = g + 18. Suppose -12*r + h*r = -66. What is the highest common divisor of 99 and r?
11
Let g be (-1)/((-2)/4) + -1088. Let c = -3886 - g. Let l be c/(-126) + 4/(-18). What is the greatest common factor of 33 and l?
11
Let o = 33 - 31. Suppose -117 = -5*n + o*n. Calculate the highest common factor of n and 13.
13
Let w be 66 + (9 - -3 - 13). What is the highest common factor of 35 and w?
5
Suppose 0 = -23*n + 871 - 250. What is the highest common divisor of n and 33?
3
Suppose g - 5 = -y, 0 = -2*g + 5*y - 27 + 2. Suppose 4*w + 16 = g, 5*c - w - 470 = -6*w. Calculate the highest common factor of 28 and c.
14
Let h be 7 - 4*2/(-4) - 2. Calculate the highest common factor of 9 and h.
1
Let c = 1162 - -574. Calculate th